ulate the highest common factor of 28 and l.
7
Suppose -4*k + 5*k = 4, 4*i - 3*k - 12 = 0. Let t = -1 - -3. Suppose t*z = 3*z - i. Calculate the highest common factor of z and 36.
6
Let t(r) = r. Let u be t(8). What is the highest common divisor of u and 72?
8
Suppose 4*d = -5*v - 10 + 100, -v = 2*d - 18. Calculate the greatest common divisor of v and 30.
6
Let f be 114*(80/15 - 5). Calculate the greatest common divisor of 152 and f.
38
Let y = -4 - 28. Let p = y + 49. What is the highest common divisor of 17 and p?
17
Let l = -6 + 10. Let p be 396*((-10)/l)/(-5). Calculate the greatest common factor of 22 and p.
22
Suppose 0 = 5*p + 5 - 0. Let j be (-3 + (p - -3))*0. Let c be 20/(j + 1 + 0). What is the greatest common divisor of 5 and c?
5
Let t = 2 - -4. Suppose -h - t = -3*h. Suppose -3*y - d = -63, -6*y + 2*y - h*d + 89 = 0. Calculate the highest common divisor of 10 and y.
10
Suppose b + 55 = 3*o, -3*o + 2*o = -3*b - 5. Calculate the highest common divisor of o and 60.
20
Suppose 11 - 2 = y. Suppose 3*k - 343 = 182. Let t = k + -103. What is the highest common factor of t and y?
9
Let h = -10 + 22. What is the highest common divisor of 24 and h?
12
Suppose 3*z = z - 6, 4*b + 15 = -z. Let u be 2*30 + 0 - b. Calculate the greatest common factor of u and 9.
9
Let g be 18 - (2 + -1 + 1). Let q be ((-4)/(-16))/(2/g). Let m be (0 - (-4)/q)*13. Calculate the highest common factor of m and 65.
13
Let u be (-2)/1 + 7 - 1. Suppose -5*d = -2*f - 15, 2*d - 6*d = -u*f - 24. Calculate the greatest common factor of 1 and d.
1
Let n be (-674)/(-2) + 1*-2. Suppose 5*f - 4*y = y + n, -2*y = 6. Let t be ((-5)/(-4))/(8/f). Calculate the greatest common factor of t and 70.
10
Suppose 4*t - 4 = 4. Suppose -t*s = 4 - 8. Suppose 0 = -4*u - s*a + 34, -5*a + 0*a = -4*u + 55. Calculate the greatest common divisor of 30 and u.
10
Let l(w) = -5*w**3 + 4*w**2 - 4 - 7*w + 4*w**3 + 2*w**3. Let h be l(-5). Let u = 50 + -47. What is the greatest common factor of h and u?
3
Suppose -4*d = -d - 4*n - 55, 0 = -4*d + 5*n + 74. Calculate the highest common factor of d and 63.
21
Let b = 5 + 50. Calculate the greatest common factor of b and 11.
11
Let s be 2/4*6*-3. Let p = -1 - s. Calculate the highest common divisor of p and 64.
8
Let j be (-3)/2*6/(-3). Suppose w = j*i + 30 + 38, -3*i = w - 86. Let t = 24 + -17. Calculate the greatest common divisor of w and t.
7
Suppose 5*f = 194 + 31. What is the greatest common factor of f and 9?
9
Suppose 0 = 2*w + 22 - 0. Let x = -8 - w. What is the highest common factor of x and 1?
1
Let n(a) = a**2 + 8*a - 5. Let w be n(-9). Let y = w + 0. Let j be 228/14 + 2/(-7). Calculate the highest common factor of y and j.
4
Let b(v) = -4*v. Let m be b(-6). What is the highest common divisor of 36 and m?
12
Let j = 22 - -26. Let t(g) be the first derivative of g**3/3 - 3*g**2/2 - 4*g + 2. Let u be t(5). Calculate the highest common factor of j and u.
6
Suppose 0 = 5*h + 3*n - 148 + 17, 0 = -4*n + 8. Let r(b) = b - 1. Let a be r(5). Let u = 1 + a. What is the highest common divisor of h and u?
5
Suppose 4*m - 40 = 4*t, 3*m - 54 = -6*t + 3*t. Calculate the greatest common factor of 2 and m.
2
Suppose 2*g + 4*l = -14, 4*g = -2*l - 4 - 0. What is the highest common divisor of 1 and g?
1
Suppose 2*p = 3*p - 24. Suppose 4*b = -2*l - 2*l - p, -4*b - 4 = -l. Let u be 1 - (l/(-2) + -73). What is the greatest common factor of u and 9?
9
Let y be (-11)/(-33) + (-95)/(-3). What is the highest common factor of 192 and y?
32
Suppose -5*g = 4 - 19. Let w = 5 + g. Calculate the highest common divisor of w and 56.
8
Let a be (-32)/(-6) - 2/6. Let o(r) = r**3 - 9*r**2 + 9*r + 11. Let l be o(9). Suppose l = a*t - 28. What is the highest common divisor of t and 16?
8
Let b = 12 + 4. Suppose -2*v = -k - 20, -4*k = -v - 0*k + 24. Calculate the highest common divisor of v and b.
8
Let h be (-3)/4 + 55/4. Let p be (-1 - -3)/(2/520). Suppose 0 = k + 4*k - p. What is the greatest common factor of k and h?
13
Let y(n) = 10*n**3 + 5*n - 6. Let o be y(3). What is the greatest common divisor of 31 and o?
31
Let g = -21 + 34. Calculate the greatest common factor of 52 and g.
13
Let x = -50 - -101. What is the highest common factor of x and 17?
17
Let o = -101 + 150. Suppose i - 37 = -i - u, -2*i + o = -3*u. What is the greatest common factor of 10 and i?
10
Let h = 86 - -9. Suppose 3*y = 5*u - 43 - 110, -3*u + h = -5*y. What is the greatest common divisor of 45 and u?
15
Suppose 3*j - 150 = 387. Suppose -4*u + 282 = 3*o, -3*o + j = -3*u - 124. Calculate the greatest common factor of 14 and o.
14
Let v = -142 - -282. Calculate the highest common divisor of 28 and v.
28
Suppose 2*x + 42 = 4*x. Suppose 7*b - 8*b + 7 = 0. Calculate the highest common divisor of x and b.
7
Suppose 74*r - 75*r + 98 = 0. What is the highest common factor of 42 and r?
14
Let l = -38 + 93. Let k be (-40)/(-24) + 1/3. Let g be (10 - 2) + k + 1. What is the greatest common factor of g and l?
11
Suppose 69 = 3*b - 3*w, 2 = -3*w + 17. Calculate the highest common divisor of 140 and b.
28
Suppose h = 5*m, -m - 2 + 86 = 4*h. Let w = h - 14. Calculate the greatest common divisor of w and 30.
6
Let c be 7*(-3 - -5 - -14). Let s = c + -76. Calculate the highest common factor of s and 4.
4
Let j(o) = -22*o. Let b be j(-1). Let r(n) = 21*n + 4. Let z be r(4). Calculate the greatest common factor of b and z.
22
Let j be -3 + 1 + 4 + 7. Suppose -5*k = -2*k - j. Suppose -15 = -c - 4*f, 195 = 8*c - k*c - 4*f. What is the highest common factor of 14 and c?
7
Suppose 8 = -3*z + 4*z. What is the highest common divisor of z and 40?
8
Let l be 18/108 - 538/(-12). Calculate the highest common factor of l and 18.
9
Let u(p) = p**2 - 14*p + 15. Let f be u(14). Calculate the highest common divisor of 120 and f.
15
Suppose -t = 2 - 5. Suppose -5*l + 32 = -t*l. Let q = 9 + l. What is the highest common factor of q and 175?
25
Let r = -4 - -7. Suppose y + x - 6 = 19, -x = -r. Calculate the greatest common factor of y and 22.
22
Suppose 0 = 2*x - x - 1. What is the highest common divisor of x and 1?
1
Suppose -4*w + x + 27 = 0, 0 = 4*x - 0 - 4. Suppose 2*k + w = 31. Calculate the highest common factor of 24 and k.
12
Suppose -1 = -k + 7. Let j be (-2)/((2/4)/(-1)). Suppose 4*s + 2*d = k, 5*d - j - 4 = 2*s. What is the highest common factor of 5 and s?
1
Let d = 8 + -6. Let y(b) = 22*b. Let a be y(d). Let r be (a/(-12))/(2/(-6)). Calculate the greatest common factor of r and 11.
11
Suppose 6*n - 11 - 535 = 0. Calculate the greatest common factor of 13 and n.
13
Suppose -21 = -2*n + 1. Let f be ((-3)/2)/(2/(-8)). Let a be 18/6*22/f. What is the highest common divisor of n and a?
11
Let f be (-2 - -1)*1 - -17. Let t = 4 - 2. Calculate the highest common divisor of t and f.
2
Suppose -c + 5*c - 20 = 0. Suppose -m = -c - 7. Calculate the greatest common factor of m and 48.
12
Let z(q) = -17*q + 4. Let n be z(-3). Let r be ((-39)/(-15) - 3)*-60. Let p be r/2 + (-2)/2. Calculate the highest common factor of n and p.
11
Let q = -71 - -84. What is the highest common divisor of q and 13?
13
Suppose -3*t + 2*t = 5*y - 16, -3*t + 12 = -3*y. Let j be (t/12)/(1/24). Suppose 288 = q + 2*q. What is the highest common divisor of q and j?
12
Let g = -216 - -348. Calculate the greatest common factor of g and 11.
11
Let u(n) = -56*n - 2. Let g be u(-2). Suppose -18 - 22 = -4*r. What is the highest common factor of r and g?
10
Suppose 0 = -5*q + 2*u + 21, 2*u = -3*q + 5*u + 18. Suppose a = -q*a + 100. Calculate the highest common factor of 175 and a.
25
Suppose -5*o + 5 + 10 = 0. Suppose -2*m + o = -123. Calculate the highest common divisor of 9 and m.
9
Let i(x) = 2*x**2 + 5*x + 4. Let g = -3 + -1. Let q be i(g). Let d be (3 + -7)/((-1)/q). Calculate the greatest common divisor of d and 16.
16
Suppose 2*q = -2*k + 32, -3*q + 2*k - 6 = -49. What is the highest common divisor of 75 and q?
15
Let q be (3/(-3) - 2) + 12. What is the greatest common factor of 1 and q?
1
Let v = -13 + 22. Let a be (-2 + 88/12)*v. Calculate the greatest common divisor of 12 and a.
12
Let i = -18 + 22. Let r = i + 92. Calculate the greatest common factor of r and 24.
24
Let f(s) = -2*s + 10. Let y be f(-6). Let o = y + -20. Calculate the greatest common divisor of 3 